02023
Convert -2041003410 (base 5) to base 4.
-100021321213
-220024212 (base 5) to base 11
-591796
10222212212011 (base 3) to base 12
864a41
Convert -202100121023 (base 4) to base 13.
-1b25547
What is -2a42aa7 (base 12) in base 6?
-503115131
1aa4667 (base 11) to base 14
68019a
What is 1007b (base 14) in base 12?
1a365
What is 466744 (base 14) in base 15?
326043
Convert -1461342 (base 7) to base 3.
-101011002010
Convert 441352522 (base 6) to base 12.
2798742
Convert -5442147 (base 9) to base 3.
-12111102011121
What is 103200003331 (base 4) in base 2?
10011100000000011111101
1519a (base 16) to base 3
11101112222
Convert 601445 (base 9) to base 11.
223010
Convert 199d67 (base 14) to base 6.
31305051
What is -11002000120 (base 3) in base 12?
-3a4b9
What is 203130010012 (base 4) in base 7?
141651343
Convert 3144214214 (base 5) to base 11.
3820056
1002200111112 (base 3) to base 16
8ea66
-39863 (base 14) to base 2
-100010100100011111
-630465 (base 7) to base 2
-11010011100000000
What is -8449047 (base 10) in base 2?
-100000001110110000010111
Convert -6013330 (base 7) to base 4.
-2231031310
-f9db (base 16) to base 7
-354324
What is -39630 (base 14) in base 8?
-423552
323210 (base 4) to base 2
111011100100
Convert 10210111010001 (base 3) to base 5.
1004022400
Convert 3232112111 (base 4) to base 2.
11101110010110010101
Convert -11212102111020 (base 3) to base 6.
-131240053
Convert -4434313122 (base 5) to base 14.
-140075d
Convert -a936 (base 15) to base 3.
-1211010220
Convert -4232438 (base 12) to base 13.
-278c21c
What is 342301 (base 7) in base 12?
2b277
What is 24313701 (base 8) in base 16?
5197c1
3383f (base 16) to base 4
303200333
What is 14621 (base 8) in base 7?
25040
What is 1245436 (base 8) in base 7?
2643254
What is 104a12 (base 12) in base 9?
431725
Convert -6d76e (base 15) to base 14.
-91424
Convert 10441021200 (base 5) to base 4.
230132013023
Convert 1013443403 (base 5) to base 13.
583c25
Convert 763 (base 9) to base 14.
328
What is -1314015 (base 8) in base 13?
-cab35
-11110001101000110 (base 2) to base 8
-361506
What is 5430202 (base 6) in base 12?
10b362
11212021202122 (base 3) to base 13
6c6296
What is -4154501 (base 6) in base 3?
-101020222201
Convert 1340313312 (base 5) to base 11.
1a45557
Convert 12c5ad9 (base 14) to base 12.
305b993
Convert -303029 (base 10) to base 15.
-5ebbe
-154aaf (base 16) to base 2
-101010100101010101111
What is -16358 (base 10) in base 13?
-75a4
Convert -70cb1 (base 13) to base 14.
-53919
-13323100 (base 5) to base 12
-66875
2aac3a (base 15) to base 16
1f74c1
Convert -110101100100111001 (base 2) to base 12.
-a6bb5
Convert 6148661 (base 10) to base 16.
5dd235
What is -1100101001111010 (base 2) in base 5?
-3124314
aa4717 (base 13) to base 8
17225123
-7aa154 (base 11) to base 6
-43331305
Convert 237446 (base 9) to base 5.
14041000
Convert -501a66 (base 12) to base 6.
-42423010
Convert 37704247 (base 8) to base 4.
133320202213
What is 10001111110101111110 (base 2) in base 14?
114a06
Convert 1152221 (base 6) to base 8.
167765
-33035633 (base 7) to base 5
-1211122222
5683f (base 16) to base 5
42314432
What is -2c7980 (base 13) in base 9?
-2060082
121023333323 (base 4) to base 11
37aa818
Convert 643a3 (base 11) to base 12.
4623a
What is -1a06981 (base 11) in base 3?
-20101021220022
What is 5112211 (base 8) in base 4?
11021102021
Convert 1614559 (base 10) to base 11.
a03051
What is 9d5ad (base 14) in base 11?
241462
What is -114cc4 (base 15) in base 16?
-c9c10
141058 (base 9) to base 11
59740
What is 9b35f (base 16) in base 5?
130320433
What is -2421432 (base 6) in base 13?
-45ca1
-2eec76 (base 16) to base 8
-13566166
What is -44210330 (base 5) in base 15?
-78295
-2a88638 (base 12) to base 14
-120d03a
What is 300111132 (base 4) in base 3?
101001120200
Convert -2016025 (base 10) to base 7.
-23064424
Convert -211056 (base 13) to base 15.
-104260
-1d25d (base 15) to base 4
-113030332
Convert 22561165 (base 7) to base 2.
111100011101101010000
What is -249e8 (base 15) in base 8?
-344401
What is -1001110010010111010 (base 2) in base 9?
-537821
Convert -20102232120 (base 4) to base 13.
-5b1601
Convert 1193a63 (base 11) to base 15.
2ad36d
Convert 2b021b (base 13) to base 3.
1222201002120
1773cb (base 16) to base 10
1536971
Convert 4465416 (base 8) to base 12.
4a263a
3500220 (base 8) to base 10
950416
Convert -14442243 (base 6) to base 5.
-112102004
What is 2010121002 (base 3) in base 10?
41987
Convert 30134040 (base 7) to base 2.
1001100001011000100111
Convert -11541321 (base 6) to base 9.
-624814
What is -873c85 (base 15) in base 12?
-21a8245
Convert -5541543 (base 8) to base 7.
-15452206
What is 3291b (base 16) in base 11?
131691
What is -1131bb2 (base 12) in base 10?
-3300470
Convert -4bd6d8 (base 14) to base 6.
-131543314
What is 154775a (base 11) in base 13?
718265
-2012112121100 (base 3) to base 6
-41041400
Convert -10112023 (base 4) to base 13.
-8146
4300031340 (base 5) to base 15
bc79d0
Convert -15221505 (base 6) to base 16.
-81d31
455f17 (base 16) to base 15
5ec0d7
Convert -1b47c (base 13) to base 12.
-26b6b
4021333 (base 5) to base 13
23168
What is 32331010 (base 4) in base 2?
1110111101000100
-145113 (base 15) to base 7
-11215131
-353368 (base 10) to base 9
-587651
Convert 78531 (base 9) to base 7.
305110
Convert 12881476 (base 9) to base 10.
6371853
-3103024 (base 6) to base 9
-245517
Convert -22546 (base 13) to base 6.
-1200551
What is -11010010101001110 (base 2) in base 6?
-2151154
Convert -232c5 (base 13) to base 14.
-19588
-1698301 (base 10) to base 8
-6364775
Convert 20021100121101 (base 3) to base 7.
40222312
-10032445 (base 6) to base 4
-1011130031
135cba (base 13) to base 2
1110010110001111110
-5385007 (base 9) to base 3
-12102212000021
What is -36ea9 (base 15) in base 13?
-61b0c
What is 101011001100100110 (base 2) in base 11?
110a2a
What is -14142103231 (base 5) in base 7?
-311453416
-1012022222101 (base 3) to base 11
-3a5156
Convert -6464 (base 14) to base 9.
-25702
What is -1a19608 (base 13) in base 2?
-100000110000111100100111
What is -11445 (base 9) in base 6?
-55235
What is 131163 (base 11) in base 10?
206495
88466 (base 10) to base 8
254622
191395 (base 12) to base 3
211020110012
a2183 (base 16) to base 2
10100010000110000011
Convert 101567 (base 9) to base 4.
32231110
-7aaf9 (base 16) to base 13
-147966
275551 (base 8) to base 7
553114
112013323 (base 4) to base 14
2504b
Convert -116056 (base 10) to base 16.
-1c558
What is 8a597 (base 11) in base 4?
200001031
What is -44445564 (base 7) in base 10?
-3843606
27499 (base 12) to base 10
54261
What is 2144445 (base 6) in base 13?
39ac7
What is 26d008 (base 14) in base 12?
548628
What is 100120321 (base 4) in base 9?
112067
244222444 (base 5) to base 4
10130031130
What is 32622 (base 13) in base 14?
252c7
What is -120075 (base 10) in base 14?
-31a8b
Convert 57010 (base 9) to base 16.
941d
What is 2243334214 (base 5) in base 4?
103103001330
What is -122010000 (base 3) in base 15?
-3a69
1f70c (base 16) to base 15
28255
Convert -16ddb (base 14) to base 9.
-87033
-c5021 (base 16) to base 10
-806945
2695123 (base 10) to base 9
5057011
What is 1935a1 (base 13) in base 4?
2123100011
What is -214610 (base 9) in base 15?
-27e30
What is -2446 (base 8) in base 2?
-10100100110
Convert 1252154 (base 6) to base 5.
4203230
-22122021212 (base 3) to base 12
-82505
101231113 (base 4) to base 11
4a551
Convert 4317a3 (base 14) to base 6.
120400551
What is -65272 (base 13) in base 14?
-4a87c
5215154 (base 7) to base 6
21230235
12222200111111 (base 3) to base 6
152113321
Convert 12112034 (base 6) to base 4.
1131130312
What is -1101110011101101011 (base 2) in base 4?
-1232131223
Convert -636520 (base 8) to base 9.
-353203
What is 861a9c (base 15) in base 12?
217a8b6
What is -9b2201 (base 12) in base 11?
-1438823
What is 437a633 (base 12) in base 14?
19c8463
Convert 292274 (base 11) to base 10.
456856
Convert 14044161 (base 8) to base 15.
427868
What is 1242241 (base 6) in base 11?
47037
Convert -2a952 (base 11) to base 7.
-241342
What is 1d3ac (base 16) in base 15?
25719
Convert 222210120012 (base 3) to base 8.
2006165
-137c9 (base 16) to base 6
-1413305
Convert 824c8a (base 13) to base 14.
591404
Convert -a42004 (base 16) to base 14.
-15ddc0c
296e5 (base 15) to base 2
1